0100?
-11110000111
In base 15, what is e8 - -37?
130
In base 15, what is c77 + -5a?
c1c
In base 6, what is -1051 + -151?
-1242
In base 8, what is -142654 - 5?
-142661
In base 7, what is 23 + -134040?
-134014
In base 3, what is 2201 - -220100?
1000001
In base 4, what is 22213 + 20002?
102221
In base 4, what is -221101313 + 11?
-221101302
In base 4, what is 210323100 + -103?
210322331
In base 10, what is 8 - -5?
13
In base 12, what is -65 - 553?
-5b8
In base 9, what is -263 - -17?
-245
In base 12, what is -3591 - 15?
-35a6
In base 10, what is 1 - 56478?
-56477
In base 6, what is 11504242 - 0?
11504242
In base 2, what is -11 + -1101011010?
-1101011101
In base 9, what is -130558 + 3?
-130555
In base 3, what is 1121121 + 1001001?
2122122
In base 9, what is -27855 + -3?
-27858
In base 12, what is -556 - -53?
-503
In base 4, what is 10 + -20123311?
-20123301
In base 15, what is 58 + 5ca?
633
In base 11, what is -5429 + -29?
-5457
In base 2, what is 100 + -10011000111000?
-10011000110100
In base 15, what is 505 + 3?
508
In base 4, what is -3 - 131331120?
-131331123
In base 15, what is 57 - b?
4b
In base 11, what is 12 + -2064?
-2052
In base 3, what is -10021 - 1120020102?
-1120100200
In base 3, what is 1002 + 1201?
2210
In base 11, what is -2827 - -10?
-2817
In base 7, what is 112356 + 0?
112356
In base 11, what is 31 + -4247?
-4216
In base 5, what is -1314 - -234043?
232224
In base 12, what is -2040010 + -2?
-2040012
In base 2, what is 1001111010001001 + 10?
1001111010001011
In base 7, what is -12 + -143?
-155
In base 6, what is -4354 - -20020?
11222
In base 3, what is 12100202 + 1010?
12101212
In base 8, what is 4 + -2000212?
-2000206
In base 8, what is 2 - 73535?
-73533
In base 2, what is 10010011011 + 11110?
10010111001
In base 12, what is 10 + 22b?
23b
In base 16, what is -60e - -33?
-5db
In base 2, what is 100011101 - 11000001?
1011100
In base 7, what is 1514 + -1126?
355
In base 11, what is 35 + 13?
48
In base 4, what is -322023 + -3?
-322032
In base 15, what is -28b - -3?
-288
In base 16, what is 1 + -c72?
-c71
In base 6, what is -31 + 12041?
12010
In base 16, what is -30e - 16?
-324
In base 13, what is -5 + -88729?
-88731
In base 9, what is -3 + 12632?
12628
In base 11, what is 64 - 7165?
-7101
In base 10, what is -6167 - -52?
-6115
In base 13, what is 5c049 - 3?
5c046
In base 6, what is -1 + -113201?
-113202
In base 11, what is -908 + -a01?
-1809
In base 11, what is -2038a + -8?
-20397
In base 7, what is -1151111 + 1?
-1151110
In base 9, what is 22 - 1216?
-1184
In base 12, what is 11 + -13584?
-13573
In base 7, what is 305 + 2241?
2546
In base 8, what is 367 - 34?
333
In base 10, what is 1 - -407756?
407757
In base 12, what is -249a3 + 18?
-24987
In base 8, what is 26 - 35325?
-35277
In base 14, what is -c45417 + 4?
-c45413
In base 3, what is 1200 - -1021012?
1022212
In base 6, what is -221012 - 1?
-221013
In base 6, what is 4 + -15542542?
-15542534
In base 5, what is -124 + 10130?
10001
In base 8, what is -41 - -10?
-31
In base 14, what is 453c54 - 4?
453c50
In base 6, what is -1533201 - 0?
-1533201
In base 16, what is -9 + 2514?
250b
In base 8, what is 6 + 1054571?
1054577
In base 11, what is -4501 - 43?
-4544
In base 2, what is 10010101000100111000 + 101?
10010101000100111101
In base 16, what is -da2a - 1?
-da2b
In base 12, what is 2 - -7668?
766a
In base 4, what is 200303330 + 10?
200310000
In base 16, what is -11 - -630?
61f
In base 11, what is 10 + 764?
774
In base 10, what is 285 - -149?
434
In base 10, what is -5 + 8929?
8924
In base 6, what is 2 - 43425?
-43423
In base 3, what is -1 + 20210212211?
20210212210
In base 10, what is -29347 - -3?
-29344
In base 13, what is 1538 + a95?
2300
In base 4, what is -2031013 + 200?
-2030213
In base 2, what is -101111 + -101111110010010?
-101111111000001
In base 8, what is -566 + 145?
-421
In base 14, what is -bc03 - 5?
-bc08
In base 2, what is 101 - 10100000010110110?
-10100000010110001
In base 13, what is -26 + -3a0?
-3c6
In base 10, what is -259642 - 3?
-259645
In base 2, what is -1100001010100000010 + 1?
-1100001010100000001
In base 8, what is -4 - 21353?
-21357
In base 15, what is 2 + -1b1d?
-1b1b
In base 7, what is 3 - 5462245?
-5462242
In base 13, what is 7513 + 9?
751c
In base 14, what is -4 - 78c4?
-78c8
In base 13, what is 5a + 211?
26b
In base 5, what is 112 - -4111321?
4111433
In base 4, what is 2102 + 1302?
10010
In base 12, what is b + -2952?
-2943
In base 12, what is -5 - 7747?
-7750
In base 7, what is 3 - 321352?
-321346
In base 3, what is -102011 - -11220?
-20021
In base 11, what is 5 + 1824?
1829
In base 12, what is -6968 + 5?
-6963
In base 14, what is -1177 + -15?
-118c
In base 6, what is 44435 + 40?
44515
In base 7, what is -2 + -64053?
-64055
In base 9, what is -2 + -18645?
-18647
In base 13, what is -33 - 1b9?
-21c
In base 10, what is 46414 - 4?
46410
In base 5, what is -13133424 + -4?
-13133433
In base 12, what is 228 - -121?
349
In base 13, what is 53 + -a5b?
-a08
In base 12, what is 4b570 - 8?
4b564
In base 5, what is -20040 - -104?
-14431
In base 12, what is 97 - 943?
-868
In base 15, what is -1a6c54 + -5?
-1a6c59
In base 14, what is -61 + b05?
a84
In base 10, what is 19 - -973?
992
In base 5, what is 3 + -122220?
-122212
In base 11, what is -a + -278?
-287
In base 8, what is -2775 + -343?
-3340
In base 12, what is -65982 - 5?
-65987
In base 12, what is -6 - 2537?
-2541
In base 11, what is 2 - -74?
76
In base 2, what is -101011010111101 + -11000111?
-101011110000100
In base 13, what is -8 - 3465?
-3470
In base 4, what is 33 + 30331133?
30331232
In base 5, what is -12 + -20022020?
-20022032
In base 13, what is abb9a0 + 4?
abb9a4
In base 8, what is 4 + 102703?
102707
In base 2, what is -1000 - 11011011110101?
-11011011111101
In base 11, what is -5 + 23729a?
237295
In base 12, what is 3a28 - 2?
3a26
In base 11, what is 740348 + -5?
740343
In base 9, what is -11761 + -64?
-11835
In base 8, what is 3 - 5713?
-5710
In base 8, what is 2 + -43614?
-43612
In base 16, what is -64 - -143?
df
In base 12, what is 102b - -858?
1887
In base 13, what is -4 - 3852?
-3856
In base 5, what is -3113 + -430?
-4043
In base 13, what is 5 + 804b?
8053
In base 6, what is -3 + 10103005?
10103002
In base 2, what is 1101000111000010001 - 11?
1101000111000001110
In base 6, what is -1123 + -25032?
-30155
In base 4, what is 2 + 2011230133?
2011230201
In base 12, what is -4 - 18193?
-18197
In base 3, what is -12222121 + 101002?
-12121112
In base 4, what is 3021 + 12320?
22001
In base 2, what is 111010101111100 + -100?
111010101111000
In base 5, what is -242 + -2132120?
-2132412
In base 9, what is 55 + -716?
-651
In base 14, what is -1 + -26c8?
-26c9
In base 6, what is -4 - 2334330?
-2334334
In base 4, what is -1032 + 2033310?
2032212
In base 5, what is -2 + 3441203?
3441201
In base 13, what is -c - 3a325?
-3a334
In base 12, what is -155 - -2635?
24a0
In base 10, what is -123064 + -5?
-123069
In base 7, what is 1 + 235504?
235505
In base 7, what is -43 + 6136?
6063
In base 10, what is 211 - -49?
260
In base 15, what is -1 + 2643?
2642
In base 12, what is 6053 + -3?
6050
In base 5, what is 10234 - -133?
10422
In base 13, what is ac926 + -1?
ac925
In base 12, what is 3778 + -b?
3769
In base 16, what is 9c6 - -11?
9d7
In base 10, what is -15796 + 5?
-15791
In base 10, what is 609 + -1483?
-874
In base 8, what is 3163 - 516?
2445
In base 9, what is -1288 - -337?
-851
In base 8, what is -711 - 3765?
-4676
In base 9, what is -65 - 304?
-370
In base 5, what is 3400 - 123?
3222
In base 13, what is -4a23 - 1?
-4a24
In base 8, what is 6 - -47743?
47751
In base 3, what is -20011011022 + -2?
-20011011101
In base 7, what is 322 + -30?
262
In base 14, what is 10 - 12a9?
-1299
In base 2, what is 10000111 + -10?
10000101
In base 8, what is 16 + 36773?
37011
In base 10, what is -126626 + 4?
-126622
In base 16, what is d + e?
1b
In base 15, what is -3 - -eb86a?
eb867
In base 13, what is -a9538 - 5?
-a9540
In base 13, what is -73141 + 4?
-7313a
In base 15, what is -33b85 + 4?
-33b81
In base 4, what is 301 - 110?
131
In base 2, what is 11001101100010100 - 0?
11001101100010100
In base 13, what is -24c92 + -5?
-24c97
In base 16, what is -ad00 + -5?
-ad05
In base 9, what is 5257 - 1672?
3475
In base 4, what is -13 + -131